Let o(d) = 351236*d - 702434. What is o(2)?
38
Let z(k) = 1343*k - 24142. What is z(18)?
32
Let h(b) = b**3 + 827*b**2 - 2465*b - 28. Calculate h(3).
47
Let h(z) = 1291*z + 39850. Determine h(-33).
-2753
Let d(y) = -y**2 - 2896*y + 73017. Determine d(25).
-8
Let p(c) = 1393*c - 255369. Calculate p(183).
-450
Let b(h) = -67*h**2 - 8393*h + 6166. Determine b(-126).
-8
Let r(p) = -747*p + 4620. Determine r(5).
885
Let j(f) = f**3 - 5*f**2 + 17*f - 1489. Give j(13).
84
Let u(b) = -77008*b + 3696360. Calculate u(48).
-24
Let d(c) = -25*c**3 - 646*c**2 + 61*c - 815. Give d(-26).
303
Let w(n) = -97*n**2 - 339*n - 392. What is w(-2)?
-102
Let s(u) = -7*u**2 - 542*u + 1362. Calculate s(-83).
-1875
Let y(v) = -v**3 + 295*v**2 + 10464*v - 18. What is y(327)?
-18
Let m(o) = -1155*o - 311854. Determine m(-270).
-4
Let a(d) = -175769*d + 59409923. What is a(338)?
1
Let r(b) = 1268726*b - 57092671. Determine r(45).
-1
Let a(x) = -205*x + 38143. What is a(189)?
-602
Let c(b) = 107*b - 38929. Calculate c(368).
447
Let f(t) = -t**3 + 151*t**2 - 856*t - 80. Determine f(145).
1950
Let z(d) = -5*d**3 + 3523*d**2 - 41560*d + 10. Determine z(12).
-38
Let d(s) = 15*s**2 - 1307*s + 14585. Determine d(74).
7
Let t(n) = 123258*n + 1109516. Give t(-9).
194
Let w(h) = -4496*h + 13545. Give w(3).
57
Let l(f) = -f**3 - 103*f**2 + 132*f + 2994. Calculate l(-104).
82
Let q(v) = 3*v**2 - 60*v - 667. Give q(-20).
1733
Let k(u) = u**2 - 111*u + 1099. Calculate k(10).
89
Let x(z) = 9*z**3 + 46*z**2 - 3993*z - 19974. Determine x(-5).
16
Let v(b) = -36454*b + 473810. Calculate v(13).
-92
Let o(t) = t**3 + 25*t**2 + 119*t + 73. What is o(-9)?
298
Let w(b) = -3*b**3 - 238*b**2 - 2*b + 6. Determine w(0).
6
Let a(v) = -3*v**3 + 18*v**2 - 61*v + 380. Calculate a(9).
-898
Let m(f) = 238*f - 9537. Give m(40).
-17
Let a(i) = -3714*i - 137479. Determine a(-37).
-61
Let l(o) = -14*o**2 + 358*o - 124. Determine l(26).
-280
Let n(l) = 137*l - 5907. Calculate n(44).
121
Let b(p) = -3305*p - 66097. Determine b(-20).
3
Let j(w) = w**2 - 1630*w - 230729. Determine j(-131).
-38
Let j(k) = 131275*k - 2625487. Determine j(20).
13
Let j(v) = -231*v**2 - 2508*v - 6341. Calculate j(-4).
-5
Let h(i) = 135*i + 8394. Determine h(-63).
-111
Let r(n) = -143*n + 496. Calculate r(-10).
1926
Let r(u) = u**3 - 92*u**2 - 684*u - 319. Calculate r(99).
572
Let r(p) = -19*p**3 - 2*p**2 - 27*p - 99. Determine r(-3).
477
Let q(j) = j**2 - 888*j - 17251. Calculate q(907).
-18
Let o(w) = 2*w**2 - 1201*w - 39. Calculate o(0).
-39
Let u(p) = -2*p**2 + 2290*p - 170374. Give u(1065).
26
Let a(k) = k**3 + 42*k**2 - 210*k - 487. What is a(-47)?
-1662
Let i(s) = -2307*s - 37023. Determine i(-16).
-111
Let s(n) = -10495*n - 271667. Calculate s(-26).
1203
Let x(a) = -6*a**2 - 896*a - 7123. Determine x(-141).
-73
Let x(s) = 2*s**3 + 227*s**2 - 316*s + 3580. What is x(-115)?
245
Let m(o) = -3*o**2 + 22775*o - 1310852. What is m(58)?
6
Let w(b) = -b**3 - 84*b**2 + 4007*b - 734. Calculate w(-118).
-144
Let g(y) = 20*y**3 - 50*y**2 - 1382*y + 4057. What is g(3)?
1
Let y(t) = -1329*t - 202025. Determine y(-152).
-17
Let f(u) = -1169*u + 10249. Calculate f(9).
-272
Let a(d) = -d**3 + 151*d**2 + 2462*d + 4639. Determine a(166).
-9
Let m(l) = l**3 + 21*l**2 + 58*l + 741. What is m(-19)?
361
Let u(v) = v**3 - 205*v**2 + 1372*v + 2764. Give u(198).
-8
Let i(w) = -w**3 - 19*w**2 - 13932*w - 222161. Give i(-16).
-17
Let i(l) = -3*l**3 - 119*l**2 + 320*l - 18. Give i(3).
-210
Let x(u) = -30*u**2 + 1289*u + 10440. Give x(-8).
-1792
Let x(k) = -k**3 - 537*k**2 + 5507*k - 5337. Calculate x(9).
0
Let i(k) = 6*k**2 + 103*k + 484. What is i(-15)?
289
Let l(b) = -b**3 + 9*b**2 - 9772*b + 78071. Give l(8).
-41
Let b(c) = -c**3 + c**2 - 1051*c + 12768. Determine b(11).
-3
Let t(r) = 764*r**2 - 4585*r + 13. Determine t(6).
7
Let y(q) = -q**2 - 48*q - 474. What is y(-30)?
66
Let u(v) = v**2 - 662*v + 7767. Determine u(12).
-33
Let l(b) = 90*b**2 - 73902*b + 9824. Determine l(821).
-28
Let c(t) = 324*t - 34374. Calculate c(106).
-30
Let p(x) = -6*x**2 + 198*x - 646. Give p(30).
-106
Let d(n) = -55*n**2 - 24644*n - 1789. What is d(-448)?
3
Let f(u) = -52452*u + 6976072. Calculate f(133).
-44
Let g(i) = -296*i**3 - 5*i**2 - 539*i - 1063. Calculate g(-2).
2363
Let a(b) = -1778*b - 152874. Calculate a(-86).
34
Let b(c) = -193*c + 7558. Determine b(38).
224
Let a(k) = 12*k**2 + 7231*k - 17601. Determine a(-605).
-56
Let s(x) = -1827*x + 44369. Calculate s(26).
-3133
Let j(c) = 102*c**2 + 28*c + 26. Calculate j(-2).
378
Let p(y) = -y**3 + 567*y**2 - 3908*y - 6717. What is p(560)?
3
Let p(l) = -115220*l + 230406. Give p(2).
-34
Let q(z) = -z**3 + 580*z**2 + 16390*z - 612. Give q(607).
-5
Let a(p) = -638*p + 67624. Give a(106).
-4
Let n(u) = -6*u**2 + 1425*u + 23204. What is n(-16)?
-1132
Let g(b) = 59478*b - 59512. Give g(1).
-34
Let z(a) = -a**3 + 52*a**2 - 346*a - 7785. Give z(37).
-52
Let s(j) = 27785*j + 166738. Calculate s(-6).
28
Let s(t) = 11*t**3 + 20*t**2 - 46*t - 9. Give s(2).
67
Let x(z) = 659*z + 258719. What is x(-393)?
-268
Let o(x) = 91748*x + 20826799. Determine o(-227).
3
Let i(r) = -r**3 - 63*r**2 - 3021*r - 28906. What is i(-12)?
2
Let a(y) = 14358*y - 603050. What is a(42)?
-14
Let w(l) = -112409*l + 337436. Calculate w(3).
209
Let n(r) = -14729*r + 88389. Calculate n(6).
15
Let g(n) = n**2 + 1392*n - 684. Calculate g(0).
-684
Let k(f) = -2*f**2 - 284*f + 19600. Give k(51).
-86
Let w(p) = -5*p**2 - 37*p + 367. Calculate w(-12).
91
Let l(v) = -4*v**2 + 2707*v + 280411. What is l(768)?
91
Let v(q) = 219*q - 4375. Calculate v(20).
5
Let o(s) = -s**3 - 130*s**2 + 22*s + 3016. Determine o(-130).
156
Let u(j) = -110*j**3 - 447*j**2 - 30*j - 11. Determine u(-4).
-3
Let j(a) = -a**3 - 6*a**2 + 12*a + 46. Determine j(-3).
-17
Let r(y) = 48*y**2 - 19159*y - 114980. What is r(-6)?
1702
Let j(x) = -x**2 - 12727*x + 1593528. Give j(124).
4
Let y(c) = 743*c - 329146. Determine y(443).
3
Let y(f) = -2*f**2 + 1201*f + 24822. What is y(-20)?
2
Let s(y) = -y**2 - 213010*y - 5537592. What is s(-26)?
-8
Let w(k) = 14*k**2 - 13011*k + 13008. Give w(1).
11
Let w(l) = -654*l - 3852. Determine w(-8).
1380
Let f(g) = -181363*g + 8161328. Give f(45).
-7
Let z(o) = 43635*o + 218125. Calculate z(-5).
-50
Let n(s) = -10913*s - 97657. What is n(-9)?
560
Let i(g) = 726*g + 8133. Determine i(-11).
147
Let u(w) = w**3 - 39*w**2 + 245*w + 2609. Determine u(25).
-16
Let u(h) = h**3 - 59*h**2 - 18*h + 4384. Give u(58).
-24
Let a(j) = 3760*j + 15012. What is a(-4)?
-28
Let w(g) = -3*g**2 - 118*g + 13450. What is w(50)?
50
Let q(i) = i**3 - 7*i**2 - 15*i - 387. What is q(7)?
-492
Let n(v) = -1852*v + 18320. Determine n(8).
3504
Let i(p) = -67*p**2 - 43*p - 127. What is i(-3)?
-601
Let t(k) = -26*k**2 + 14497*k - 197868. Give t(14).
-6
Let p(n) = -586*n**2 - 19337*n + 44. Give p(-33).
11
Let v(h) = 13*h**3 + 99*h**2 + 468*h + 5660. Calculate v(-9).
-10
Let m(d) = -d**2 + 41*d + 6987. Calculate m(-66).
-75
Let w(k) = 15*k**2 + 1376*k + 6133. What is w(-87)?
-44
Let y(j) = -103*j - 4616. Give y(-36).
-908
Let d(x) = x**2 - 121*x + 2953. What is d(35)?
-57
Let p(u) = -120*u - 45240. Give p(-377).
0
Let z(f) = f**3 - 16*f**2 + 59*f + 78. Give z(16).
1022
Let f(n) = -125*n**2 - 4443*n - 2381. Calculate f(-35).
-1
Let f(m) = m**3 + 72*m**2 + 111*m + 2764. What is f(-71)?
-76
Let v(m) = 3*m**3 + 697*m**2 + 253*m + 4837. Calculate v(-232).
-35
Let a(h) = h**3 + 419*h**2 + 40474*h + 1627. What is a(-268)?
19
Let m(f) = 4*f**3 + 88*f**2 - 709*f - 15592. Give m(-22).
6
Let s(y) = 70*y**2 + 2448*y - 74. Calculate s(-35).
-4
Let s(i) = -211*i**2 - 48943*i + 2122. Determine s(-232).
34
Let v(i) = -5016*i + 48949. Determine v(9).
3805
Let g(k) = -68*k**3 - 544*k**2 - 51*k - 414. What is g(-8)?
-6
Let s(c) = -11716*c - 527313. Calculate s(-45).
-93
Let g(x) = -2*x**3 + 72*x**2 - 626*x - 332. Calculate g(16).
-108
Let l(c) = 52*c**3 - 7*c**2 + 183*c + 190. Calculate l(-1).
-52
Let s(x) = -2*x**2 - 7703*x - 92189. What is s(-12)?
-41
Let f(x) = -24*x**2 - 42352*x - 211746. What is f(-5)?
-586
Let r(g) = 53*g**2 - 280*g + 78. Calculate r(5).
3
Let s(t) = 3*t**2 - 1505*t - 272653. Give s(643).
-21
Let t(i) = i**3 - 42*i**2 - 667*i + 28152. Give t(42).
138
Let l(i) = -i**3 - 40*i**2 - 76*i + 160